{"id":66,"date":"2021-10-15T10:45:56","date_gmt":"2021-10-15T08:45:56","guid":{"rendered":"http:\/\/escolaw.cluster031.hosting.ovh.net\/?page_id=66"},"modified":"2024-06-12T16:37:40","modified_gmt":"2024-06-12T14:37:40","slug":"l-escola","status":"publish","type":"page","link":"https:\/\/escolamariejaell.art\/","title":{"rendered":"L&rsquo;escola"},"content":{"rendered":"\n<p class=\"has-vivid-cyan-blue-color has-text-color has-link-color wp-elements-96fd2d0fdf0d035e010cf1cf51e6e073\">6 de juliol, Perelada<br>Sala al costat del claustre de Sant Dom\u00e8nech. Inauguraci\u00f3 d&rsquo;una exposici\u00f3 de pintura.<br>19.00 h. ENTRADA GRATU\u00cfTA<br><br>19 de juliol, Igualada<br>Concert a la sala Afinpiano. Bach, Schumann i Mussorgski<br>20.30 entrades a 10\u20ac<br><\/p>\n\n\n\n<p>Situada a l\u2019Alt Empord\u00e0, l\u2019<em>Escola de piano Marie Ja\u00ebll<\/em> vol oferir la possibilitat a les persones de fer con\u00e8ixer el m\u00e8tode d\u2019ensenyament de piano que va crear aquesta investigadora alsaciana. Una metodologia basada en la psicofisiologia del nostre cos i de la nostra ma.<\/p>\n\n\n\n<div class=\"wp-block-media-text alignwide is-stacked-on-mobile is-vertically-aligned-top\" style=\"grid-template-columns:17% auto\"><figure class=\"wp-block-media-text__media\"><img loading=\"lazy\" decoding=\"async\" width=\"768\" height=\"1024\" src=\"https:\/\/escolamariejaell.art\/wp-content\/uploads\/steinway-2-768x1024.jpg\" alt=\"\" class=\"wp-image-304 size-full\" srcset=\"https:\/\/escolamariejaell.art\/wp-content\/uploads\/steinway-2-768x1024.jpg 768w, https:\/\/escolamariejaell.art\/wp-content\/uploads\/steinway-2-225x300.jpg 225w, https:\/\/escolamariejaell.art\/wp-content\/uploads\/steinway-2-1152x1536.jpg 1152w, https:\/\/escolamariejaell.art\/wp-content\/uploads\/steinway-2-1536x2048.jpg 1536w, https:\/\/escolamariejaell.art\/wp-content\/uploads\/steinway-2-1120x1493.jpg 1120w, https:\/\/escolamariejaell.art\/wp-content\/uploads\/steinway-2-scaled.jpg 1920w\" sizes=\"auto, (max-width: 768px) 100vw, 768px\" \/><\/figure><div class=\"wp-block-media-text__content\">\n<p class=\"has-normal-font-size\">Aquesta escola vol fer reviure les sensacions que Marie Ja\u00ebll va experimentar al llarg dels seus anys de treball i investigaci\u00f3. Les bases d&rsquo;aquesta t\u00e8cnica estan provades cient\u00edficament i ofereixen a la persona eines per a un estudi m\u00e9s acurat i profund de l&rsquo;instrument. El resultat \u00e9s obtenir un so sense pes per\u00f2 potent. Aquest so \u00e9s fruit de la immobilitat anterior que deriva d&rsquo;una correcta tensi\u00f3 muscular de la musculatura del bra\u00e7 i l&rsquo;avantbra\u00e7.<\/p>\n<\/div><\/div>\n\n\n\n<div style=\"position:relative;padding-bottom:56.25%;height:0;overflow:hidden;\" itemscope=\"\" itemtype=\"https:\/\/schema.org\/VideoObject\">\n<meta itemprop=\"name\" content=\"Presentaci\u00f3  (2mn)\"><meta itemprop=\"description\" content=\"Presentaci\u00f3  (2mn)\">\n<meta itemprop=\"uploadDate\" content=\"2022-01-06T17:33:48.000Z\">\n<meta itemprop=\"thumbnailUrl\" content=\"https:\/\/s2.dmcdn.net\/v\/TXZTC1XrpYjE7R3pw\/x120\">\n<meta itemprop=\"duration\" content=\"P113S\">\n<meta itemprop=\"embedUrl\" content=\"https:\/\/www.dailymotion.com\/embed\/video\/x86wr4c\">\n<iframe loading=\"lazy\" style=\"width:90%;height:90%;position:absolute;left:5px;top:0px;overflow:hidden\" frameborder=\"0\" type=\"text\/html\" src=\"https:\/\/www.dailymotion.com\/embed\/video\/x86wr4c\" width=\"75%\" height=\"75%\" allow=\"autoplay\" allowfullscreen=\"\"><\/iframe>\n<\/div>\n\n\n\n<p>L&rsquo;escola ofereix la possibilitat de treballar en un espai envoltat de natura, situada a 7 km , al sud-oest de Figueres. D&rsquo;una manera senzilla i humil, aquesta escola vol arribar a totes aquelles persones que volen saber d&rsquo;aquest m\u00e8tode, d&rsquo;aquesta dona tan genial i de tota l&rsquo;her\u00e8ncia que ens ha deixat, tan \u00fatil per cercar un so vol\u00e0til i alhora profund.<\/p>\n\n\n\n<p>Les classes de piano s\u00f3n impartides per Quim Bonal.<\/p>\n\n\n\n<p>Alumnes: b\u00e0sicament aquest m\u00e8tode va destinat a gent adulta.<\/p>\n\n\n\n<p>Nivells : tota classe de nivell. Des d&rsquo;iniciaci\u00f3 fins a avan\u00e7at.<\/p>\n\n\n\n<p>Tarifes : 1h : 35\u20ac \/ 1h30 : 50\u20ac<\/p>\n\n\n\n<div class=\"wp-block-media-text alignwide has-media-on-the-right is-stacked-on-mobile\"><div class=\"wp-block-media-text__content\">\n<p class=\"has-text-align-center has-vivid-red-color has-text-color\">Escola de Piano Marie Ja\u00ebll<\/p>\n\n\n\n<p class=\"has-text-align-center has-vivid-red-color has-text-color\">Carrer Figueres 9<br>17 770 BORRASS\u00c0<\/p>\n\n\n\n<p class=\"has-text-align-center has-black-color has-text-color\">\nContacte : <span style=\"color: #22a8a8;\"><strong><a style=\"color: #22a8a8;\" href=\"mailto:contacte@escolamariejaell.art\" target=\"_blank\" rel=\"noopener noreferrer\">contacte@escolamariejaell.art<\/a><\/strong><\/span><\/p>\n<\/div><figure class=\"wp-block-media-text__media\"><img loading=\"lazy\" decoding=\"async\" width=\"1024\" height=\"768\" src=\"https:\/\/escolamariejaell.art\/wp-content\/uploads\/steinway-1-1024x768.jpg\" alt=\"\" class=\"wp-image-302 size-full\" srcset=\"https:\/\/escolamariejaell.art\/wp-content\/uploads\/steinway-1-1024x768.jpg 1024w, https:\/\/escolamariejaell.art\/wp-content\/uploads\/steinway-1-300x225.jpg 300w, https:\/\/escolamariejaell.art\/wp-content\/uploads\/steinway-1-768x576.jpg 768w, https:\/\/escolamariejaell.art\/wp-content\/uploads\/steinway-1-1536x1152.jpg 1536w, https:\/\/escolamariejaell.art\/wp-content\/uploads\/steinway-1-2048x1536.jpg 2048w, https:\/\/escolamariejaell.art\/wp-content\/uploads\/steinway-1-1120x840.jpg 1120w\" sizes=\"auto, (max-width: 1024px) 100vw, 1024px\" \/><\/figure><\/div>\n\n\n\n<p class=\"has-text-align-center\">.<\/p>\n\n\n\n<iframe src=\"https:\/\/www.google.com\/maps\/embed?pb=!1m10!1m8!1m3!1d27515.776616507006!2d2.946617661646848!3d42.24021527235871!3m2!1i1024!2i768!4f13.1!5e0!3m2!1sca!2sfr!4v1641491003356!5m2!1sca!2sfr\" width=\"600\" height=\"450\" style=\"border:0;\" allowfullscreen=\"\" loading=\"lazy\"><\/iframe>\n\n\n\n<p><\/p>\n\n\n\n<figure class=\"wp-block-image size-large\"><img loading=\"lazy\" decoding=\"async\" width=\"1024\" height=\"768\" src=\"https:\/\/escolamariejaell.art\/wp-content\/uploads\/steinway-3-1024x768.jpg\" alt=\"\" class=\"wp-image-303\" srcset=\"https:\/\/escolamariejaell.art\/wp-content\/uploads\/steinway-3-1024x768.jpg 1024w, https:\/\/escolamariejaell.art\/wp-content\/uploads\/steinway-3-300x225.jpg 300w, https:\/\/escolamariejaell.art\/wp-content\/uploads\/steinway-3-768x576.jpg 768w, https:\/\/escolamariejaell.art\/wp-content\/uploads\/steinway-3-1536x1152.jpg 1536w, https:\/\/escolamariejaell.art\/wp-content\/uploads\/steinway-3-2048x1536.jpg 2048w, https:\/\/escolamariejaell.art\/wp-content\/uploads\/steinway-3-1120x840.jpg 1120w\" sizes=\"auto, (max-width: 1024px) 100vw, 1024px\" \/><\/figure>\n\n\n\n<p>.<\/p>\n\n\n\n<p>.<\/p>\n\n\n\n<p><\/p>\n","protected":false},"excerpt":{"rendered":"<p>6 de juliol, PereladaSala al costat del claustre de Sant Dom\u00e8nech. Inauguraci\u00f3 d&rsquo;una exposici\u00f3 de pintura.19.00 h. ENTRADA GRATU\u00cfTA 19 de juliol, IgualadaConcert a la sala Afinpiano. Bach, Schumann i [&hellip;]<\/p>\n","protected":false},"author":1,"featured_media":0,"parent":0,"menu_order":0,"comment_status":"closed","ping_status":"closed","template":"","meta":{"_exactmetrics_skip_tracking":false,"_exactmetrics_sitenote_active":false,"_exactmetrics_sitenote_note":"","_exactmetrics_sitenote_category":0,"footnotes":""},"class_list":["post-66","page","type-page","status-publish","hentry"],"aioseo_notices":[],"_links":{"self":[{"href":"https:\/\/escolamariejaell.art\/index.php\/wp-json\/wp\/v2\/pages\/66","targetHints":{"allow":["GET"]}}],"collection":[{"href":"https:\/\/escolamariejaell.art\/index.php\/wp-json\/wp\/v2\/pages"}],"about":[{"href":"https:\/\/escolamariejaell.art\/index.php\/wp-json\/wp\/v2\/types\/page"}],"author":[{"embeddable":true,"href":"https:\/\/escolamariejaell.art\/index.php\/wp-json\/wp\/v2\/users\/1"}],"replies":[{"embeddable":true,"href":"https:\/\/escolamariejaell.art\/index.php\/wp-json\/wp\/v2\/comments?post=66"}],"version-history":[{"count":64,"href":"https:\/\/escolamariejaell.art\/index.php\/wp-json\/wp\/v2\/pages\/66\/revisions"}],"predecessor-version":[{"id":361,"href":"https:\/\/escolamariejaell.art\/index.php\/wp-json\/wp\/v2\/pages\/66\/revisions\/361"}],"wp:attachment":[{"href":"https:\/\/escolamariejaell.art\/index.php\/wp-json\/wp\/v2\/media?parent=66"}],"curies":[{"name":"wp","href":"https:\/\/api.w.org\/{rel}","templated":true}]}}